 126 = -v*s. What is the highest common divisor of s and 11?
11
Suppose 5*z - 3*z = 2*d + 64, -2*z + 70 = 4*d. Let v = 105 + -10. Suppose -3*r + v = 29. Calculate the highest common divisor of r and z.
11
Let c = -232 + 529. Calculate the highest common factor of 27 and c.
27
Let x be (-2220)/37*3/(-2). Let n = 1 - -9. Calculate the greatest common divisor of x and n.
10
Let j(i) = -22*i. Let a be j(-3). Suppose -4*r - a = -166. Suppose 15*q - 32*q - 425 = -102*q. Calculate the greatest common factor of q and r.
5
Let p = 119 + -83. What is the greatest common divisor of 36 and p?
36
Suppose 0 = r - 3 - 14. Let i = -9 + r. Suppose b = 3*b - 16. Calculate the highest common factor of b and i.
8
Let s(k) = -248*k - 20. Let c be s(-4). Calculate the greatest common divisor of c and 12.
12
Suppose 0*h - 1676 = -4*y + 4*h, 4*y + 4*h = 1716. What is the highest common factor of 318 and y?
106
Let b(s) = s**3 + 8*s**2 + 6*s - 8. Let q be b(-6). Let v = -2 + -6. Let o be (42/v)/(-1)*8. What is the greatest common divisor of q and o?
14
Suppose 1012 - 347 = 7*p. What is the highest common factor of 38 and p?
19
Suppose -5*g = -2*k - 104, -4*k = -2*g + 5*g - 78. Let m be (-50)/2*(-363)/55. Suppose u - 4*u = -m. What is the highest common divisor of g and u?
11
Suppose 0 = d, 0*v + 11 = v - 3*d. Let u be (-30)/(-165) - (-2902)/v. What is the highest common factor of u and 24?
24
Let h = -4239 + 4268. Suppose 3*g + 3*m = 270, -5*g + 3*m = -2*g - 258. Suppose 0 = -s + 173 + g. Calculate the greatest common divisor of s and h.
29
Let v = -552 + 548. Let m(h) be the second derivative of -h**4/12 - h**3 - h**2 + h. Let k be m(v). What is the highest common factor of k and 30?
6
Let m(l) = 23*l + 474. Let u be m(-3). What is the greatest common factor of u and 189?
27
Suppose c = -4*c + 3*v + 52, v + 4 = 0. Suppose -c*j = -5*j - 288. Suppose -j = -5*l + l. Calculate the highest common factor of 120 and l.
24
Suppose -4*v - 108 = -3*c, -22*v + 21*v = -6. Let s(f) = f**3 + f**2 - f + 132. Let i be s(0). What is the highest common divisor of c and i?
44
Let m(n) = n**3 - 2*n**2 + 3*n - 3. Let b be m(2). Suppose -b*w = -53 - 37. Suppose -6*l = -l - w. Calculate the greatest common factor of 54 and l.
6
Let p(s) = s**2 - 11*s + 12. Let k be p(17). Let r = -58 + k. Suppose m - 14 = -0*m. Calculate the highest common divisor of r and m.
14
Suppose -5*w = -w. Suppose -f + 34 = -2*m, 5*f = -w*f + 3*m + 170. What is the highest common divisor of f and 34?
34
Suppose -36 = -25*n + 22*n. What is the highest common factor of n and 12?
12
Let c(d) = 8*d + 5. Let y be -2 + 7 + (-3)/(2 + -1). Let x be c(y). Calculate the highest common factor of 3 and x.
3
Suppose z - 2*c = 136, -170 = -3*z - 7*c + 316. Let q(b) = -7*b + 2. Let s be q(-5). Calculate the greatest common factor of z and s.
37
Suppose -122*j = -121*j - 48. Calculate the greatest common divisor of 128 and j.
16
Let q be ((-3)/(-2) + -2)*-6. Suppose 3 + 21 = q*d. Let f be (-420)/(-24)*d/10. Calculate the highest common factor of 35 and f.
7
Let q(g) = -g**3 + 4*g**2 + 27*g - 2. Let t be q(7). Let v be ((-12)/9)/((-2)/(-27)). Let k = v + t. Calculate the highest common factor of 22 and k.
22
Let t be 4/((-16)/3910)*96/(-120). Calculate the greatest common factor of t and 34.
34
Suppose -12*n - 37*n = -1862. What is the highest common factor of n and 14?
2
Let n = -1475 + 1540. Calculate the highest common divisor of 1430 and n.
65
Let n be 1/(88/(-90) - -1). Let a be n - (3 + (-2 - 1)). Let p be (72/a)/((-2)/(-165)). What is the greatest common factor of p and 12?
12
Let a be (-2)/9*-30*(9 - -6). What is the highest common divisor of a and 40?
20
Suppose 0 = -3*a + 3*s, 2*a - s - 5 + 2 = 0. Suppose -2*c + a*c - 91 = 0. What is the greatest common factor of 13 and c?
13
Let p = 18 + -13. Let v(d) = -p + 2*d - 6*d - d + 0*d. Let k be v(-4). What is the highest common factor of k and 135?
15
Let w be (-7)/(-35) - (-8)/10. Let z = 1 + w. Let a be 22 - (z - 0)*1. Calculate the greatest common factor of a and 4.
4
Let n = -6 - -54. Let i(p) = 3 - p**2 - 15 - 39*p + 28*p. Let q be i(-8). Calculate the highest common factor of q and n.
12
Let q = 31 - 11. What is the highest common factor of q and 680?
20
Let m(w) = -370*w**3 + w**2 + 2*w. Let l be m(-1). Calculate the greatest common divisor of 9 and l.
9
Let v(k) = k**3 + 30*k**2 - 70*k + 53. Let b be v(-32). Calculate the greatest common divisor of 5 and b.
5
Suppose -4*k - 21 = -13. Let q be (-3 - (k - 2))*1. Let n(h) = -h**2 - 20*h - 8. Let a be n(-19). What is the highest common factor of a and q?
1
Suppose 4*d = 5*d - 261. Calculate the highest common factor of d and 29.
29
Let u(j) = j**3 + 15*j**2 - 15*j + 56. Let v be u(-16). What is the greatest common divisor of 1620 and v?
20
Let h = 411 - 357. Calculate the highest common divisor of 288 and h.
18
Suppose 0 = -h - 6. Let b = h - -8. Suppose b*c + 40 = 3*u, 3*u - 55 = -2*u + c. Calculate the highest common divisor of 110 and u.
10
Let v = 59 - 55. Let f = -3 + 4. Calculate the highest common factor of f and v.
1
Let l be 216/(-63)*35/(-4). Suppose -3*d = -2*j + 24, 5*j + 3*d - 4*d = 34. What is the greatest common factor of j and l?
6
Let f be (2 + 0 + 6)*(-195)/(-52). Calculate the highest common divisor of f and 18.
6
Let m be 0 + (-1)/(2/(-10)). Suppose t - 34 = m. Suppose -3*l + 5*y = -t, 3*y - 2*y + 87 = 5*l. What is the highest common divisor of 18 and l?
18
Let l be 112/(-6)*9/(-6). Suppose 5*w - 35 = n - 5*n, -4*n + w + 17 = 0. Let y be 2 + (0 - n) - -73. Calculate the greatest common factor of y and l.
14
Let z(k) = 132*k + 1. Let f be z(1). Suppose 19*n = 309 + 52. What is the greatest common factor of n and f?
19
Let q = 4 + -4. Suppose -2250 = 7*v - 12*v. Suppose 9*w - 4*w - v = q. Calculate the greatest common factor of 18 and w.
18
Let o(a) = -2 - 8*a - 30*a + 55*a. Let k(t) = -t - 1. Let i be k(-2). Let q be o(i). What is the highest common factor of q and 15?
15
Let t = 2883 - 2050. What is the greatest common factor of 196 and t?
49
Let v be (11 + -3)/(2*10/120). Suppose 0 = -3*d + 2*j - j + 96, -j = -2*d + 64. What is the highest common divisor of d and v?
16
Let p be (-3 + 0 - 2)/1. Let u be p/((-2)/8*-1). Let a = u + 56. Calculate the greatest common divisor of 24 and a.
12
Let b be 18/(-4)*84/(-9). Let z = -11 + b. What is the highest common factor of 155 and z?
31
Suppose -2*n + 5*l = -28, -n + 16 = -0*n - 3*l. Suppose 0 = n*t - 24. Suppose i - 15 - 51 = 0. What is the greatest common divisor of i and t?
6
Suppose -b + 0*y - 2*y + 28 = 0, 5*b - 3*y - 75 = 0. Suppose -5*d - 785 = -5*k, -2*k + 6*d + 281 + 13 = 0. Calculate the greatest common factor of k and b.
18
Let u(f) = f**3 - 6*f**2 + 13*f - 14. Let d be u(4). Calculate the greatest common factor of d and 20.
2
Let j(b) = -85*b - 7. Suppose o - 4*n - 6 = n, -o + 2*n = 0. Let x be j(o). Calculate the highest common divisor of x and 37.
37
Suppose -3*b - 30 = -3. Let y = b - -24. Let g be -1*(-1 + 4) + y. Calculate the highest common factor of 84 and g.
12
Let p = -682 + 688. What is the greatest common divisor of 114 and p?
6
Let k(c) = -c**3 + 6*c**2 + 1. Let r be k(6). Suppose 5*j - 6 - 4 = 0. Suppose -6*f + 4*f = -j. Calculate the greatest common divisor of f and r.
1
Suppose 0*n + 42 = n. Suppose 10*m = -11*m + 588. Calculate the greatest common divisor of n and m.
14
Suppose 13*f = 17*f - 12. Suppose -f*u + 108 = 4*s, 5*u = -2*s - 0*u + 54. Calculate the highest common divisor of s and 54.
27
Suppose -37 = -p - 1. Calculate the highest common factor of p and 192.
12
Suppose -x + 54 - 39 = 0. Calculate the greatest common divisor of x and 375.
15
Let r(a) = -4 - 1 + 8*a**2 + a**3 + 4 - 11*a. Let f be r(-9). Calculate the greatest common divisor of 136 and f.
17
Suppose -3*b = u + b - 24, -35 = -5*u - 3*b. Let t be (u/(-3))/((-16)/288). Calculate the greatest common factor of 240 and t.
24
Let g = 45 - -9. Calculate the highest common divisor of 6 and g.
6
Let g be (-1)/(-4) - (-31)/4. Suppose 5*a = 6*a + g. Let s(n) = -n**3 - 7*n**2 + 7*n - 3. Let j be s(a). Calculate the greatest common divisor of 25 and j.
5
Let u = -4 + 7. Let f(b) = b. Let r be f(3). Suppose t = -3*g + g + 2, -r*t = u*g - 12. Calculate the highest common fa